{"id":57,"date":"2018-04-28T15:03:58","date_gmt":"2018-04-28T15:03:58","guid":{"rendered":"https:\/\/pbl-wgl.de\/?page_id=57"},"modified":"2019-06-16T09:20:03","modified_gmt":"2019-06-16T09:20:03","slug":"datenschutz","status":"publish","type":"page","link":"https:\/\/pbl-wgl.de\/?page_id=57","title":{"rendered":"Datenschutz"},"content":{"rendered":"<p>Datenschutzerkl\u00e4rung<\/p>\n<p>Privacy Policy auf der Website WWW.PBL-WGL.DE<\/p>\n<p>Wir nehmen den Schutz personenbezogener Daten sehr ernst. Wir m\u00f6chten, dass Sie wissen, wann wir welche Daten speichern und wie wir sie verwenden.<\/p>\n<p>Personenbezogene Daten<\/p>\n<p>Personenbezogene Daten sind Informationen, die dazu genutzt werden k\u00f6nnen, Ihre Identit\u00e4t zu erfahren. Darunter fallen Informationen wie<br \/>\nIhr richtiger Name, Adresse, Postanschrift, Telefonnummer. Informationen, die nicht direkt mit Ihrer wirklichen Identit\u00e4t in<br \/>\nVerbindung gebracht werden (wie zum Beispiel favorisierte Webseiten oder Anzahl der Nutzer einer Site) fallen nicht darunter.<\/p>\n<p>Unser internes Angebot kann grunds\u00e4tzlich nur durch Offenlegung Ihrer Identit\u00e4t genutzt werden. F\u00fcr die Grundangaben<br \/>\nben\u00f6tigt das System eine Benutzerkennung mit einem Kennwort. Es unterliegt Ihrer freien Entscheidung, ob Sie mehr als diese Daten eingeben.<\/p>\n<p>Ihre Angaben speichern wir auf unserem Server in Deutschland. Der Zugriff darauf ist nur wenigen besonders<br \/>\nbefugten Personen m\u00f6glich, die mit der technischen Betreuung des Servers befasst sind.<\/p>\n<p>In Verbindung mit Ihrem Zugriff werden auf unserem Server Daten f\u00fcr Sicherungszwecke gespeichert, die m\u00f6glicherweise eine Identifizierung zulassen (zum Beispiel IP-Adresse,<br \/>\nDatum, Uhrzeit und betrachtete Seiten). Es findet keine personenbezogene Verwertung Ihrer Daten statt.<\/p>\n<p>Weitergabe personenbezogener Informationen an Dritte<\/p>\n<p>Wir geben keine personenbezogenen Daten an Dritte weiter. Soweit wir per Gerichtsbeschluss (und nur dann) dazu<br \/>\nverpflichtet sind, werden wir Ihre Daten an auskunftsberechtigte Stellen \u00fcbermitteln m\u00fcssen.<\/p>\n<p>Die Beitr\u00e4ge in den Diskussionsforen etc. sind f\u00fcr jeden angemeldeten Benutzer zug\u00e4nglich. Sie sollten Ihre<br \/>\nBeitr\u00e4ge vor der Ver\u00f6ffentlichung sorgf\u00e4ltig darauf \u00fcberpr\u00fcfen, ob sie keine Angaben enthalten, die nicht f\u00fcr alle angemeldeten Benutzer bestimmt sind.<\/p>\n<p>Recht auf Widerruf<\/p>\n<p>Sie k\u00f6nnen ihre Nutzerkennung auf Anfrage problemlos wieder l\u00f6schen lassen.<\/p>\n<p>Das Online-Angebot enth\u00e4lt Links zu anderen Websites. Wir haben keinen Einfluss darauf, dass deren Betreiber die Datenschutzbestimmungen einhalten.<\/p>\n<p>Fragen und Kommentare<\/p>\n<p>F\u00fcr Fragen, Anregungen oder Kommentare zum Thema Datenschutz wenden Sie sich bitte per E-Mail an den Webmaster der Site:<\/p>\n<p>bbibra@berndbibra.de<\/p>\n<p>Berlin, den 24.04.2018<\/p>\n<p>Bernd Bibra<\/p>\n","protected":false},"excerpt":{"rendered":"<p>Datenschutzerkl\u00e4rung Privacy Policy auf der Website WWW.PBL-WGL.DE Wir nehmen den Schutz personenbezogener Daten sehr ernst. Wir m\u00f6chten, dass Sie wissen, wann wir welche Daten speichern und wie wir sie verwenden. Personenbezogene Daten Personenbezogene Daten sind Informationen, die dazu genutzt werden k\u00f6nnen, Ihre Identit\u00e4t zu erfahren. Darunter fallen Informationen wie Ihr richtiger Name, Adresse, Postanschrift, Telefonnummer. Informationen, die nicht direkt mit<\/p>\n","protected":false},"author":1,"featured_media":0,"parent":0,"menu_order":0,"comment_status":"closed","ping_status":"closed","template":"","meta":{"footnotes":""},"class_list":["post-57","page","type-page","status-publish","hentry"],"_links":{"self":[{"href":"https:\/\/pbl-wgl.de\/index.php?rest_route=\/wp\/v2\/pages\/57","targetHints":{"allow":["GET"]}}],"collection":[{"href":"https:\/\/pbl-wgl.de\/index.php?rest_route=\/wp\/v2\/pages"}],"about":[{"href":"https:\/\/pbl-wgl.de\/index.php?rest_route=\/wp\/v2\/types\/page"}],"author":[{"embeddable":true,"href":"https:\/\/pbl-wgl.de\/index.php?rest_route=\/wp\/v2\/users\/1"}],"replies":[{"embeddable":true,"href":"https:\/\/pbl-wgl.de\/index.php?rest_route=%2Fwp%2Fv2%2Fcomments&post=57"}],"version-history":[{"count":5,"href":"https:\/\/pbl-wgl.de\/index.php?rest_route=\/wp\/v2\/pages\/57\/revisions"}],"predecessor-version":[{"id":126,"href":"https:\/\/pbl-wgl.de\/index.php?rest_route=\/wp\/v2\/pages\/57\/revisions\/126"}],"wp:attachment":[{"href":"https:\/\/pbl-wgl.de\/index.php?rest_route=%2Fwp%2Fv2%2Fmedia&parent=57"}],"curies":[{"name":"wp","href":"https:\/\/api.w.org\/{rel}","templated":true}]}}